ommon divisor of z and 30?
6
Let i be 2/(-5) - 16/10. Let b(z) = -44*z. Let c be b(i). Calculate the highest common divisor of c and 8.
8
Let x be 214/4 - (-2)/(-4). Let h = x + -25. Suppose 3*g - g - 274 = -4*o, -5*o = -5*g - 365. Calculate the highest common factor of h and o.
14
Let b be 8 - (0 - 3/(-1)). Let q be 12 + (b - (-1 - -3)). What is the highest common factor of 6 and q?
3
Let u(f) = f**3 - f**2 - f + 4. Let a be u(0). Suppose -2*t + a = -t. Calculate the highest common factor of 8 and t.
4
Suppose -5*z + 137 = -83. Let n(o) = o**3 - 3*o**2 + 4*o - 1. Let b be n(3). What is the greatest common divisor of b and z?
11
Suppose -16 - 284 = -4*p. What is the greatest common divisor of p and 15?
15
Let z(g) = g**2 - 4*g. Let d(r) = -r - 1. Let h(u) = -2*d(u) + z(u). Let l be h(3). Calculate the highest common factor of 45 and l.
5
Let p = 47 - 34. Suppose -c + p = -0*k - 2*k, -2*c - 2*k = -14. Calculate the greatest common divisor of c and 27.
9
Suppose z + 2*t - 9 - 37 = 0, -15 = 3*t. Let b be 670/8 - (-1)/4. What is the highest common factor of b and z?
28
Let i = -17 - -31. What is the highest common divisor of i and 14?
14
Let x(h) = 4*h - 65. Let z be x(19). Calculate the highest common factor of z and 88.
11
Suppose -5*y - 12 = -6*y. What is the highest common factor of y and 4?
4
Let o(q) = -q - 2. Let v be o(-11). Suppose -2*f - 3*f = -30. Calculate the greatest common factor of f and v.
3
Let u = 144 + -72. Let z be 127/7 - 4/28. What is the highest common factor of u and z?
18
Suppose -2*i + 2*t = 0, -i - 4*t - 7 = -22. Suppose i*y - 285 = 3*f, -5*y + 0*y = -f - 459. Calculate the greatest common divisor of 13 and y.
13
Suppose -60 = 2*r - 6*r. What is the highest common divisor of r and 255?
15
Let g(o) = o**2 - o - 4. Let p be g(3). Let x(y) = 3*y. Let k be x(p). Let a be (-1 + 15/k)*20. Calculate the highest common factor of 45 and a.
15
Let b(d) = -d + 11. Let l be b(-10). Let p be -1 + 4 + 0/2. Calculate the highest common factor of l and p.
3
Let b = -3 + 6. Suppose -b*m + 21 = -6. Suppose -2*c - 8 = 0, 3*o - 4*c - 146 - 5 = 0. What is the greatest common divisor of m and o?
9
Suppose -4 = 2*a, -4*v + 9*v + 3*a + 131 = 0. Let d = v - -43. What is the highest common factor of d and 54?
18
Let d(j) = 24*j - 15. Let p be d(7). What is the greatest common factor of p and 51?
51
Suppose -70 = -4*f - 5*l, 4*f + 3*l = 21 + 53. Calculate the greatest common factor of f and 20.
20
Let i(b) = 2*b**3 - 2*b**2 + 1. Suppose 5*w + 1 = 6. Let g be i(w). Let n be 3 + 1 + g - -2. What is the greatest common factor of 35 and n?
7
Let u be 2/3 + 8/6. Suppose 2*d + u = 20. Calculate the highest common factor of d and 9.
9
Suppose 6 + 3 = -3*n. Let u be 162/(-4)*10/n. Calculate the highest common divisor of 15 and u.
15
Let a = 4 - 1. Suppose -5*x = -x - 2*v - 116, 156 = 5*x + a*v. Let s be (-1)/(-4) - (-46)/8. What is the greatest common factor of x and s?
6
Let i(z) = 50*z**2 - 1. Let y be i(1). Calculate the highest common factor of 7 and y.
7
Suppose -2*a = 5*b + 34 + 22, -21 = 3*b - 3*a. Let l be -1*(1*b - 2). Calculate the greatest common divisor of 24 and l.
12
Let x = -8 + 7. Let f be (-3)/(-2 + x)*0. Suppose s - 1 - 7 = f. What is the greatest common factor of s and 64?
8
Let m = -12 - -20. Let n = m - 4. What is the highest common factor of n and 12?
4
Suppose 4 + 5 = 3*t, -9 = 5*a + 2*t. Let q = a + 0. Let g = 5 + q. Calculate the highest common divisor of g and 2.
2
Suppose 3*l - 3 - 3 = 0. Suppose l*s + 5*c - 33 = 0, 2*c + c = s - 11. Suppose q - 6*f - 4 = -f, 3*f = 4*q - 50. Calculate the highest common factor of q and s.
14
Let w(o) = o**2 + 4*o - 2. Let g be w(-8). Suppose 2*r = -0*r + g. Calculate the greatest common divisor of 30 and r.
15
Suppose 5*m = 5*p + 25, 0 = 4*p - 3*m + 10 + 9. Let s = 0 - p. Calculate the greatest common divisor of 2 and s.
2
Suppose 11*z - 13*z = -30. Calculate the greatest common divisor of 50 and z.
5
Let u = -2 - 4. Let a be 16/7 + u/21. Let y be 26 + (-1)/((-2)/a). Calculate the greatest common factor of 3 and y.
3
Let h = 55 - 43. Calculate the greatest common divisor of 12 and h.
12
Suppose 96 = -5*n + 9*n. Calculate the greatest common factor of 36 and n.
12
Suppose 2*m - 2*w = 6, -2*w - 3 = -m - 0*m. Let o be -1*(-1)/(m/(-3)). Let p be (103 + 1)/(o/(-1)). Calculate the greatest common factor of 13 and p.
13
Let v = -6 - -10. Suppose -16 = -4*x + 3*j, v*x - 2 = j + 14. Suppose 4*d = 0, 3*w - x*w + 3*d = -45. What is the highest common divisor of w and 30?
15
Suppose 4*c - c + 2*o = 37, 66 = 5*c - o. Calculate the highest common divisor of c and 26.
13
Let h = 6 + -11. Let k = 16 - h. Suppose x - k = -4*z, -5*z + 6 + 18 = 2*x. Calculate the highest common factor of z and 4.
2
Let s be -2*(3 - (41 - -3)). Let z be s/6 + (-6)/(-18). Let i = 173 + -19. Calculate the greatest common factor of z and i.
14
Suppose 2*t - 4*p - 41 = -t, 3*p = -6. Suppose 176 = 2*i + 2*j, 2*i = 3*j + 149 + 27. What is the greatest common factor of t and i?
11
Let j be ((-6)/(-3))/((-2)/(-3)). Suppose i - 119 = -j*i - 5*v, i + 4*v = 38. Let h = i + 0. What is the greatest common factor of 13 and h?
13
Let a be ((-90)/(-36))/(2/24). Suppose 3*q - 229 = n, -9 - 3 = 3*n. Calculate the highest common divisor of a and q.
15
Let q = 44 + -25. What is the greatest common divisor of q and 19?
19
Let q = -11 + 14. Let c be ((-9)/2)/(q/(-6)). What is the greatest common factor of 81 and c?
9
Suppose 2*q + 76 + 0 = 4*f, 4*f - 76 = -5*q. Let s = -12 + f. What is the greatest common divisor of 49 and s?
7
Let t = -48 + 63. Calculate the highest common factor of t and 15.
15
Let z be (30/2)/(((-45)/(-84))/5). Calculate the highest common factor of 56 and z.
28
Let s = 9 - 31. Let j(r) = r**2 + 3*r - 1. Let f be j(-4). Let o be f/(-6) - s/4. What is the greatest common factor of o and 1?
1
Suppose -2*n + 4*n = 144. Let i = -12 - -6. Let v be 2/i*(5 + -29). What is the greatest common divisor of v and n?
8
Let m(k) = 6*k**2 + k - 2. Let j be m(2). Suppose 0 = -i + 340 - 76. What is the highest common divisor of j and i?
24
Let w be (-103)/(-2) + 4/(-8). Let g(i) = i**2 - 2*i - 1. Let m be g(-3). Suppose 0 = -5*a + m + 71. Calculate the highest common divisor of a and w.
17
Suppose -2*g - 26 = -4*g. What is the highest common factor of 65 and g?
13
Let h = 158 - 110. What is the greatest common factor of 12 and h?
12
Suppose 8 = 4*a - 48. Suppose 3*p = -3*x + 39, 0*p + 4 = x - 2*p. Let r = x + 18. Calculate the greatest common divisor of a and r.
14
Let f(l) = l**2 + 7*l + 7. Let d be f(4). What is the highest common factor of 408 and d?
51
Let k be 2 + -4 - (1 + 4). Let w = k - -10. Suppose w*c - 5 = 4*q + 93, 0 = 4*q + 8. Calculate the highest common factor of 20 and c.
10
Suppose -3*h = -4*l - 26, 2*h + 4*l - 2 = 2. Let u be (-42)/(-2) - h/(-2). Calculate the greatest common divisor of u and 36.
12
Let c(k) = k - 4. Let z be c(-12). Let a = 19 + z. Suppose g - 17 = -o + 2*g, 2*o + 5*g = 62. What is the highest common factor of a and o?
3
Let t be -5 + (99/(-3))/(-3). What is the highest common factor of 12 and t?
6
Let w(h) = -h**2 - 5*h - 4. Let j be w(-3). Calculate the highest common factor of 6 and j.
2
Suppose -s = 3*k - 10, -5*k + k - 4 = -3*s. Suppose -k = -4*v + 14, 3*x + 4*v - 46 = 0. Calculate the greatest common factor of x and 5.
5
Let j be 72/3 + 1/(-1). Suppose 3*h - 17 = -m + 3, 3*h = -4*m + 89. What is the greatest common factor of j and m?
23
Let l(d) = 4*d**2 + 4*d. Let q(p) = -4*p**2 - 3*p + 1. Let y(s) = -3*l(s) - 4*q(s). Let a be y(-5). What is the highest common divisor of 24 and a?
24
Let q = 168 - 96. What is the highest common divisor of q and 18?
18
Let w = -2 - -4. Suppose w*j - 7*j = 0. Let q be (j - 15)*30/(-25). What is the highest common divisor of 6 and q?
6
Let t be 112/12*(-3)/(-2). Let m be (-3)/((-27)/(-6))*-2*84. Calculate the highest common divisor of t and m.
14
Let w be (3/3 - -2) + 32. Calculate the greatest common factor of 5 and w.
5
Suppose -2*n - 4 + 12 = 0. Let y be 1 - n*6/(-4). Suppose 0 = 2*z + 3*w - 23, -3*z + 2*w = y*w - 35. What is the greatest common divisor of 40 and z?
10
Let x = -9 + 8. Let r be 2*(-2)/4*x. Calculate the highest common divisor of 1 and r.
1
Suppose 4*i -